9261 prime?
False
Is 114661246199 a prime number?
True
Is 147938051 a prime number?
False
Is 57410927711 composite?
False
Is 12940416011 a composite number?
False
Is 1673209933 a prime number?
False
Is 881012771 composite?
True
Is 19223364077 composite?
False
Is 1226974789 prime?
False
Is 137940862 composite?
True
Is 26561747045 prime?
False
Is 1868928529 a prime number?
False
Is 15263251327 composite?
True
Is 4189670671 composite?
False
Is 9482071607 prime?
False
Is 3551074258 a composite number?
True
Is 451424546 a composite number?
True
Is 16275228773 a prime number?
False
Is 4721093527 composite?
True
Is 41557123 prime?
False
Is 263861789 composite?
False
Is 1884334267 a prime number?
True
Is 649871093 a composite number?
False
Is 182952643597 prime?
True
Is 3133693273 prime?
False
Is 91019351 composite?
False
Is 2101579211 a composite number?
False
Is 2516848487 composite?
True
Is 92993164973 prime?
False
Is 321358087 a composite number?
True
Is 3568374763 composite?
False
Is 2296385149 a composite number?
True
Is 1711840211 composite?
True
Is 3050893091 composite?
False
Is 29436586237 a prime number?
False
Is 26767149443 composite?
True
Is 194862961 prime?
True
Is 85670514857 prime?
False
Is 508616267 composite?
False
Is 853341739 prime?
False
Is 24974988631 composite?
False
Is 20972446853 a composite number?
False
Is 27390827 a prime number?
True
Is 1725377429 a composite number?
False
Is 2841489331 a composite number?
False
Is 10984543741 prime?
False
Is 52849565833 a prime number?
True
Is 538796683 a composite number?
True
Is 3770116473 a prime number?
False
Is 16868959577 a prime number?
True
Is 7424378569 a prime number?
True
Is 333754331 composite?
True
Is 28540596503 a prime number?
False
Is 295280717 composite?
True
Is 24718930837 a composite number?
False
Is 8120382734 a composite number?
True
Is 2735124313 a composite number?
False
Is 2844206279 prime?
True
Is 48646719223 a prime number?
False
Is 14873926621 composite?
True
Is 7059527213 a composite number?
False
Is 4453070179 a composite number?
True
Is 617099689157 composite?
True
Is 2588349193 a prime number?
False
Is 2275761307 a composite number?
False
Is 370149739 composite?
True
Is 2566058461 a composite number?
True
Is 17470338629 a composite number?
False
Is 24973989181 a composite number?
False
Is 48395597629 composite?
True
Is 13028125667 a composite number?
False
Is 3038640923 prime?
True
Is 4880083111 prime?
True
Is 7884469477 prime?
False
Is 109654627 composite?
True
Is 3770724247 a prime number?
True
Is 485568827 a composite number?
True
Is 1756540741 a prime number?
False
Is 6653967443 composite?
False
Is 11440123879 a composite number?
False
Is 5981999719 composite?
False
Is 16336059277 a composite number?
False
Is 1872373073 a prime number?
True
Is 201707852869 prime?
True
Is 21834378877 prime?
False
Is 13954861643 prime?
False
Is 1395335723 prime?
True
Is 1241273279 prime?
True
Is 13178523613 a prime number?
False
Is 27915729781 composite?
False
Is 56601543709 composite?
True
Is 1245264799 composite?
True
Is 5203967233 composite?
True
Is 781845371 a prime number?
False
Is 14657061233 a composite number?
True
Is 1048937699 prime?
True
Is 240320543 a prime number?
False
Is 81150870415 prime?
False
Is 1926303739 composite?
False
Is 522105739 composite?
True
Is 889697927 composite?
False
Is 16924117069 a prime number?
True
Is 67776622486 a composite number?
True
Is 48892006187 a prime number?
True
Is 69834763 a prime number?
True
Is 566525131 prime?
False
Is 2725262711 a prime number?
False
Is 4764193417 composite?
True
Is 50883842333 composite?
True
Is 47837599747 prime?
False
Is 79398626939 a composite number?
True
Is 1717237519 a composite number?
False
Is 249398371 prime?
True
Is 295857829 a prime number?
True
Is 2562311363 a prime number?
True
Is 251453557 a composite number?
True
Is 3262252711 prime?
False
Is 5966753953 a prime number?
True
Is 1048080013 a composite number?
True
Is 10849849307 composite?
True
Is 62140183849 composite?
False
Is 21785662441 composite?
True
Is 8015563555 composite?
True
Is 1479362063 a composite number?
False
Is 599390711 composite?
False
Is 24844525031 composite?
False
Is 4502804666 a composite number?
True
Is 133168088579 a composite number?
False
Is 262843709431 a prime number?
True
Is 1799265037 prime?
True
Is 89337521659 composite?
False
Is 5957122049 a prime number?
True
Is 617334241 prime?
False
Is 13049389 a composite number?
True
Is 17735494801 prime?
True
Is 1497492203 a composite number?
False
Is 3191981609 a composite number?
True
Is 15265986391 a composite number?
True
Is 25501081981 composite?
False
Is 60171551515 a prime number?
False
Is 5397835805 prime?
False
Is 78869003 composite?
False
Is 2423077199 a composite number?
False
Is 1488873389 a composite number?
False
Is 17699347345 a composite number?
True
Is 4688223731 composite?
True
Is 125916572993 composite?
False
Is 453937843 a composite number?
True
Is 3000822271 a prime number?
True
Is 6476006233 a prime number?
False
Is 8233577231 a prime number?
False
Is 685283723 a prime number?
True
Is 471530039 prime?
True
Is 3960696497 prime?
True
Is 5436706943 a prime number?
False
Is 19693348105 a composite number?
True
Is 2908933589 a composite number?
True
Is 217559987 a prime number?
True
Is 1132594607 a composite number?
True
Is 430736637 prime?
False
Is 2959280501 a prime number?
True
Is 1590719887 prime?
False
Is 256452806765 a composite number?
True
Is 30647992909 prime?
True
Is 1070695669 prime?
True
Is 114566578753 prime?
False
Is 407948039 prime?
False
Is 1708731239 a prime number?
True
Is 14153658083 prime?
False
Is 123909477437 composite?
False
Is 227075633683 composite?
True
Is 6005068171 a composite number?
False
Is 52337452393 composite?
True
Is 26678893253 composite?
True
Is 59215662601 a composite number?
False
Is 30360354455 a prime number?
False
Is 3664592653 a composite number?
True
Is 286633257 a composite number?
True
Is 311034821 composite?
True
Is 2177795989 composite?
False
Is 32286716627 a composite number?
True
Is 108638197 a composite number?
True
Is 4792216951 composite?
False
Is 1788346771 prime?
True
Is 1392689843 composite?
True
Is 474313087 a composite number?
False
Is 1315848913 a composite number?
False
Is 5960555893 composite?
False
Is 2828216549 prime?
True
Is 198083451337 composite?
False
Is 17504888761 prime?
False
Is 1216789003 prime?
True
Is 245367839 composite?
False
Is 20919098471 composite?
True
Is 30172932683 prime?
False
Is 7539285283 a prime number?
True
Is 38595569429 composite?
False
Is 20727365147 prime?
False
Is 369177589 composite?
True
Is 61560235237 prime?
True
Is 49576447153 a composite number?
False
Is 253613095 a prime number?
False
Is 2872910533 composite?
False
Is 9047994187 a composite number?
False
Is 1600430957 composite?
False
Is 8146516427 a prime number?
False
Is 12746372449 prime?
False
Is 628232141 composite?
True
Is 1398526303 a prime number?
False
Is 18690908701 composite?
False
Is 244805797 prime?
False
Is 529106713 a composite number?
False
Is 18087447863 prime?
True
Is 51898660657 prime?
True
Is 59176597 a composite number?
True
Is 45517744565 composite?
True
Is 1781626034 prime?
False
Is 5438105951 prime?
False
Is 128968289789 a composite number?
False
Is 2009747863 prime?
False
Is 9284554397 prime?
False
Is 1949178151 a composite number?
False
Is 49700463227 composite?
True
Is 6006439651 prime?
False
Is 2718406129 composite?
False
Is 1051275479 composite?
False
Is 109691733295 prime?
False
Is 2291391199 prime?
True
Is 8386300211 a prime number?
False
Is 2626552793 prime?
True
Is 2586222363 a composite number?
True
Is 267003391 a prime number?
False
Is 233967595517 composite?
True
Is 15700532851 a prime number?
False
Is 402926051509 composite?
False
Is 8146861361 a prime number?
True
Is 2209620289 a composite number?
False
Is 15591902213 a composite number?
False
Is 25529960017 a composite number?
False
Is 174908527 a composite number?
True
Is 910535569 composite?
True
Is 1126438681 a composite number?
False
Is 664605113 a composite number?
True
Is 3428532179 composite?
False
Is 15848364589 composite?
True
Is 19221690205 a composite number?
True
Is 7567566497 prime?
False
Is 802931411 a